 + (5 + (0 - 3) - 6)?
4
What is 4 - (16 + (2 - (-1 + 8)))?
-7
Evaluate 5 + -5 + 1 + -6.
-5
-3 - (-31 - -24 - (-2 - 0))
2
5 + -5 - (-5 + 2)
3
Evaluate 0 + 1 - (7 - 5).
-1
Calculate -11 + 11 + -3 + 8.
5
Calculate -5 + (8 - 6 - -4).
1
What is 4 + 0 + -4 - (18 - 18)?
0
What is the value of -6 + 5 + 1 + (-2 - 3)?
-5
Calculate (8 + 2 + -5 - 4) + 6.
7
What is (5 - ((9 - 2) + -3)) + 4?
5
Calculate (1 + -6 - -17) + -7.
5
What is the value of -24 - (8 + -21) - -11?
0
-2 - ((-1 - (2 - 4)) + 2)
-5
Evaluate (0 - (11 + -5)) + 1.
-5
Calculate 6 + (-5 - -11) + -11.
1
Calculate (0 - -3 - 10) + 4.
-3
Evaluate -11 - (2 - 7) - -4.
-2
What is the value of -2 + (6 - (-2 - -7))?
-1
Evaluate (-2 - 11) + (-16 - -25).
-4
What is -28 + 24 + (-2 - -1 - 1)?
-6
What is the value of -1 + -4 - (16 - 29) - 5?
3
Evaluate -1 + 2 - -1 - (164 + -155).
-7
Evaluate 0 + (3 - (3 + 1 - 0)).
-1
What is -6 + (2 - (1 - 2))?
-3
-3 - 2 - -4 - 1
-2
What is 5 - 8 - (-4 + -2)?
3
Evaluate -3 + 2 + -7 + 5.
-3
Evaluate 1 - (-3 + -8 + 15) - 2.
-5
What is -1 + (-2 + -1 + 3 - -5)?
4
Calculate (0 - (0 - 1)) + -4.
-3
What is -8 + -1 + (21 + -5 - 9)?
-2
What is the value of 1 + (-7 - (-5 - -2))?
-3
What is the value of 5 + 8 + -7 - 3?
3
Evaluate 2 - (2 - -2 - 1).
-1
What is the value of 1 + (-4 - 1) + 3?
-1
Evaluate (-16 - (-3 + 0)) + 3.
-10
(0 + -2 - (-14 - -12)) + 2
2
What is (0 - 2) + (-3 - 9 - -8)?
-6
What is the value of (25 - 31) + (2 - 0)?
-4
What is -6 + 3 + 2 + 0 + 1?
0
Calculate -13 - ((2 - 4) + -4).
-7
-6 + (1 - -3 - 0) - 0
-2
-1 + 6 - (8 + (-2 - 2))
1
Calculate 3 + (8 - (-11 - -29)).
-7
What is the value of 2 + (5 - (7 + 5 + 0))?
-5
-4 - ((3 - 8) + 0 + 2)
-1
(3 - 1) + -2 + -14 + 11
-3
What is 1 + -2 - (0 + 2)?
-3
What is -10 + 6 + 7 + 2?
5
What is the value of 4 - (-1 + 2) - (7 - 5)?
1
10 + (0 - 11 - (6 + -12))
5
Evaluate (-50 - -41) + 3 + 1.
-5
What is the value of 0 + 5 + -13 + 4?
-4
4 - 2 - (-3 - (-7 - -2))
0
What is (4 - 7) + 0 - (1 - 1)?
-3
Calculate -7 + 14 + -3 + -2.
2
Evaluate -6 - -4 - 0 - 0.
-2
What is the value of (13 - 14) + (1 - -2) - 0?
2
1 - (-1 + (5 - 3)) - 6
-6
What is the value of (21 - 13) + 3 - 15?
-4
Evaluate -13 + 13 + -2 - (-4 - 1).
3
What is the value of (-6 - -4) + (0 - (-1 - 0))?
-1
What is -1 - ((-7 - -6) + -1 + 1)?
0
Evaluate (0 + 2 - 5) + 15 + -18.
-6
Evaluate -2 + (9 - (-12 + 13)).
6
4 + -1 - (2 + 1)
0
Calculate -1 - 0 - (-21 - (-2 - 16)).
2
Calculate (-2 - (0 + 3 + -1)) + -1.
-5
Evaluate (1 - -11) + -6 + 2.
8
What is the value of 1 + 4 + 101 + -115?
-9
What is the value of -7 + (5 + (-1 - -1) - 3)?
-5
Calculate (-31 - -33) + -2 + -5.
-5
What is the value of -2 + 3 - (3 + -1)?
-1
Evaluate 0 + (1 - (-15 + 11)).
5
What is (3 - 0) + (-17 - -18)?
4
Evaluate -9 + (26 + -28 - (1 - 7)).
-5
What is -1 + (4 - (10 - 2))?
-5
What is -8 + 0 - (99 - 104)?
-3
What is the value of -1 - (11 - 5 - 7)?
0
What is (9 - 1 - 1) + -2?
5
What is 4 + -2 + 12 + -20?
-6
3 + -1 - (8 + -6 - 4)
4
What is the value of -6 + (0 - -6) + -2 + -1?
-3
3 - (2 + 2 + -9)
8
What is 2 - ((-3 - 0) + 4 + -1)?
2
4 - (-7 - (-10 - 5))
-4
What is -11 + 11 - (1 + -5 + -2)?
6
1 - (4 - (4 - 0 - 2))
-1
What is -8 + 6 + -3 - 1?
-6
Calculate 8 + -2 - (3 + 0).
3
What is -1 + 7 + -6 + -4?
-4
(20 - 12) + -15 + (9 - 1)
1
3 - (-2 - (3 - 3))
5
Calculate -2 - (-5 + 8 + -6).
1
What is -6 - ((-29 - -26) + (1 - 0))?
-4
Evaluate (0 - (-6 - -5)) + -4.
-3
Calculate -3 + -1 - ((2 - 0) + -4).
-2
4 + (8 - 0 - (14 - 9))
7
Evaluate -7 - (-2 + 13 - 9).
-9
Calculate 0 + -3 - (-6 - -3 - 1).
1
Evaluate (0 - 1) + (4 - 6).
-3
0 - (10 - (4 + 5))
-1
Evaluate 36 + -36 - (-1 + 5).
-4
Calculate (10 + -7 - 1) + (-1 - -5).
6
Calculate -1 - -2 - (0 - 2 - -5).
-2
Calculate 8 + (-1 - -15 - 19).
3
What is the value of -2 + 2 + -1 - 0?
-1
-9 + 8 + (4 - 1) + -7
-5
What is the value of -6 - (-9 + (-10 + 6 - -6))?
1
What is the value of (7 - (5 + 1)) + 1?
2
(1 + -2 - 2) + (-11 - -9)
-5
What is -11 - (3 + -9) - -5?
0
Calculate 8 - (3 + 3) - (8 + -2).
-4
Calculate (-1 + 1 - 4) + 0.
-4
Calculate -3 - (6 + -3) - -3.
-3
What is -7 - (-18 - (9 + -14))?
6
Evaluate -18 - -19 - (7 + 2).
-8
Calculate 50 - 53 - (2 + (2 - 2)).
-5
0 - (5 + -3 + 2) - -5
1
What is -1 + -6 - -3 - (-1 - -7)?
-10
Calculate -8 + (6 + -1 - 1).
-4
What is -7 + -6 + 13 + -1?
-1
What is the value of -1 + -5 + 6 + -2?
-2
Evaluate 6 - 2 - (-9 - -13).
0
-2 - -12 - (54 + -44)
0
What is the value of 8 - (28 + -15) - (0 + 2)?
-7
What is (7 - -2 - 14) + (-7 - -15)?
3
What is 5 - (-1 + 2 - (33 - 31))?
6
Calculate (-4 - (-5 + -2)) + -6 - -5.
2
4 - 14 - (-19 - -1)
8
What is 0 - -3 - (-3 + -2)?
8
Calculate -22 + 22 + -6 + 2.
-4
Calculate 2 + (-2 - (3 - 5)).
2
(1 - 1) + (12 - (3 - -1))
8
(4 + 5 - 3) + -8 + 3
1
Evaluate 14 + -1 + (-11 - (-15 + 10)).
7
What is (41 + -48 - (-7 + 2)) + 2?
0
What is the value of -1 - 1 - 2 - (2 + -4)?
-2
-17 - -20 - (-2 - 0)
5
Evaluate 0 + (-2 - (4 - 4)).
-2
Calculate 0 - (2 + -1) - -4.
3
-3 - (6 - 4 - 6 - -3)
-2
-4 + -1 + 2 + 1
-2
What is 2 - (-7 - -10) - 4?
-5
What is the value of -5 + (2 - -1 - (19 + -18))?
-3
What is the value of (-1 - -1 - -3) + 2?
5
-5 - (3 + -7) - -5 - 4
0
-1 + (5 + -2 - (-9 - -13))
-2
Evaluate 10 + -12 + 5 - 9.
-6
Calculate 12 + 3 + -16 + 5 + -1.
3
Calculate 8 + 0 + 0 - 6.
2
-17 - -11 - (0 - 2)
-4
Evaluate (1 - (-4 + (-2 - 0))) + 3.
10
Evaluate (-1 - 1 - 1) + (-1 - -3).
-1
What is (-15 + 22 - (2 + 0)) + -1?
4
(-3 - -5) + (-6 + -7 - -3)
-8
Calculate (5 - (-5 + 3)) + -2.
5
Evaluate 9 - 13 - (3 - 13) - -1.
7
What is the value of 2 + (-8 - 0 - -4)?
-2
Evaluate (1 - -4) + (-6 - (-8 - -4)).
3
Evaluate 7 + 2 + 0 + (-5 - -3).
7
0 + 0 + (-6 - -6)
0
(-2 - (5 + -5)) + -3 + 4
-1
What is the value of 5 - (2 + 9 - 2)?
-4
(-29 - -26) + (-3 - -1)
-5
Calculate 26 - 20 - (-5 - -2).
9
What is the value of -11 - -7 - (-1 + -6 - -3)?
0
Calculate -11 + (10 + -1 - (-22 + 29)).
-9
What is (10 - 13) + 4 + 1?
2
Evaluate (-4 - -11 - 2) + (-7 - -3).
1
Calculate -2 - (-2 + 0 + -1 + 5).
-4
(-20 + 7 - -8) + -7 + 3
-9
Evaluate -5 - (-8 - (3 + -3)) - 7.
-4
Evaluate 10 + -10 + 0 - (-2 + 10).
-8
What is the value of -6 + (-7 - -3) + 7?
-3
What is -2 - (-14 - -14) - (2 + -2)?
-2
4 + 3 + 1 + -7
1
Calculate 1 + 1 + (-2 - -4).
4
Evaluate (0 - 2) + (-1 - (-4 + 2)).
-1
What is the value of 2 + 0 + -2 - (2 + 0)?
-2
(-3 + -1 - -6) + 0 - -1
3
(1 - (3 + 2)) + -4 + 5
-3
Calculate 2 + -2 + 53 + -56.
-3
Calculate 6 - (11 - (4 + 2)).
1
What is 0 + -8 + 1 + (-19 - -20)?
-6
Calculate -3 - (0 + 6 + -3).
-6
-3 - (-1 - -4 - 10)
4
What is the value of 11 + (-8 - -1 - -5)?
9
-2 + (-5 - -3) + 6 - 5
-3
What is -6 + (-4 - 1 - -11)?
0
Calculate (-1 - (2 - 4)) + 2.
3
What is 3 - (1 + 10 - 5)?
-3
Evaluate -1 + (-2 - (1 + -3)) + -3.
-4
-1 + (9 - (-3 - -8))
3
What is the value of -8 - -1 - (5 - 7)?
-5
What is (5 - 1) + -11 - (-8 + 0)?
1
-10 - (-16 - (-12 - -6))
0
What is (-4 + 13 - 11) + -5?
-7
6 + 0 + -3 + -3
0
Calculate (6 - (9 + -6 + -4)) + -2.
5
(-1 - (-4 + 1 + 1)) + -2
-1
What is (5 - (11 + -6)) + 0 + -2?
-2
What is (-1 - -2) + (-6 - 0) + 3?
-2
Calculate 3 + (-6 - -8) + -3.
2
6 + -11 + (-1 - -4)
-2
3 - (6 + -1) - 0
-2
Calculate 0 + (-10 - (3 - 12)).
-1
Evaluate -6 - -3 - -2 - (3 - 8).
4
Calculate 8 - ((-1 + -6 - -16) + -7).
6
Calculate -1 - -5 - (7 + 2).
-5
4 + -2 - (-1 + 0)
3
What is the value of (4 - 7) + (4 - -1)?
2
Evaluate 4 + -4 - 3 - -1.
-2
What is 13 - 10 - (-2 + (0 - -6))?
-1
What is the value of -2 + 5 + -1 - (-11 + 13)?
0
What is the value of (7 + -1 - 1) + 1?
6
-14 - -2 - -7 - (1 + -3)
-3
What is 5 + 2 + -6 + -6?
-5
Evaluate 2 + 0 + 1 - (3 - 2).
2
Evaluate (8 - -1) + (105 - 104).
10
What is -1 + 6 + -8 + 0?
-3
0 - ((-6 - -5) + 2) - -1
0
What is -1 + 5 + 0 - (0 + 1)?
3
Calculate 4 + -2 - (-6 - -10).
-2
Evaluate -5 + (2 - (-7 - (1 - 12))).
-7
(3 - (4 - -1)) + -3
-5
What is 5 + -13 - (-5 - 7)?
4
Evaluate (8 - (7 + -6 + -3)) + -5.
5
Evaluate 7 - (5 + -4 - -4) - -5.
7
0 + (-3 - (-12 + 2)) + -4
3
Calculate -2 - ((3 - 0) + (-4 - 0)).
-1
What is the value of 11 + -5 - (8 - 1)?
-1
What is the value of -5 + 7 - 2 - -1 - 4?
-3
-3 + (5 + -4 - 3) + 9
4
What is the value of -9 + -4 + 0 + 3?
-10
Calculate (-5 - (-1 + 1)) + -2 + 4.
-3
What is -2 + (-5 - -1) + 1?
-5
What is -13 + 6 - (-6 + 2)?
-3
Evaluate (0 - (2 + -5)) + -2.
1
What is (-11 - -8) + 5 + (-5 - -2)?
-1
What is 0 - 3 - ((1 - -8) + -9)?
-3
Calcu